s the tens digit of p + ((-17862)/(-65))/(2/5)?
9
Suppose 0 = -9*q + 17694 + 28197. What is the hundreds digit of q?
0
Let m(l) = -3*l**3 + 14*l**2 + 5*l - 7. Let u be m(-6). Suppose 5*v - 805 = u. What is the units digit of v?
4
Suppose 2*u + 5041 = 4*r - 9615, 3*r - 5*u - 10992 = 0. What is the units digit of r?
4
Suppose -2*k - 9 = -4*g + 13, 0 = -5*g - 3*k. What is the hundreds digit of 482 + 3 - g - 7?
4
Let g be (-1)/(3 + -2)*1. Let r = g + 13. Suppose -9*a + r*a - 117 = 0. What is the units digit of a?
9
Let q(z) = -11*z**3 - 12*z**2 + 3*z + 101. What is the ten thousands digit of q(-12)?
1
Let u(j) = -j**3 - j**2 + 2*j + 2. Let f = -11 - -13. Let w be f*(0/(-3) - 1)/1. What is the units digit of u(w)?
2
Suppose 3 = -0*c + c. Let a(z) = -27*z**2 + 5*z + 2. Let d(j) = 133*j**2 - 25*j - 10. Let p(l) = -11*a(l) - 2*d(l). What is the hundreds digit of p(c)?
2
Let v(a) = 1555*a**3 - 9*a**2 + 12*a + 8. What is the hundreds digit of v(2)?
4
Let c = 44 - 51. Let j(m) = -m**3 - 7*m**2 - 2*m - 9. Let v be j(c). Suppose 0 = b + n - v, 2*n = b - n - 9. What is the units digit of b?
6
Let w(c) = -6*c - 37772 + 75509 - 37753. Suppose 2*o + 3*s = -30, 5*s + 3 = 2*o + 1. What is the tens digit of w(o)?
3
Let d = 1382 - 1372. Suppose p = 4, 396 = -3*r + 7*r + p. Suppose k - r = d. What is the units digit of k?
8
Let v = 663 + -465. Let g = v - 386. What is the hundreds digit of ((-3)/2)/(2/g)?
1
Suppose -329115 + 50442 = -19*x. What is the units digit of x?
7
Suppose k - 10 + 2 = 0. Suppose -k*z + 19*z = 187. Let i(w) = 2*w - 17. What is the units digit of i(z)?
7
Suppose -16*z + 3*z + 143 = 0. Suppose -5 = 10*c - z*c. Suppose -b = a + 2 - 60, -c*a = 3*b - 284. What is the tens digit of a?
5
Let t be (-528)/(-96) - (-2 - (-7)/2). Suppose 9*s - t*s - 585 = 0. What is the hundreds digit of s?
1
Let x(g) = 200*g**2 - 3*g + 40. What is the tens digit of x(9)?
1
Let z(r) = r**3 + 48*r**2 - 19*r - 60. What is the thousands digit of z(-41)?
2
Let p be (-4)/(-2) + 12 + 2/(-2). Let c = 24 - p. Let a(x) = -2*x**3 + 22*x**2 + x - 6. What is the units digit of a(c)?
5
Let c(l) = -13*l**3 - l**2 + 126*l + 390. What is the tens digit of c(-17)?
2
Let v(a) = a - 10 + 0*a**3 - 5*a + 14*a**2 - 22*a**2 + a**3. Let h be v(8). Let l = h + 77. What is the units digit of l?
5
Let t(p) = 12*p + 236. Let y be t(-21). What is the units digit of ((-1464)/y*4)/(6/4)?
4
Suppose -g = 2*h - 15, -6*h + 5*g + 45 = -4*h. Let b(w) = 45*w - 29. What is the units digit of b(h)?
1
Suppose 2*w + t = -3*w + 36, -t = -1. Let h be (4 - w) + 0 + -1. Let n = 115 - h. What is the units digit of n?
9
Let m = 29829 + -13680. What is the thousands digit of m?
6
Suppose 0 = 2*d + h - 8, 11 = 3*d + 2*h - 2. Suppose -405 = -d*x + 2*w, -2*w - 420 = -3*x - 5*w. What is the hundreds digit of x?
1
Let v(j) = 109*j**2 + 45*j - 22. What is the thousands digit of v(-6)?
3
Suppose -3*v = -5*j - 94553, v - 5*j = -18343 + 49864. What is the ten thousands digit of v?
3
Let g(b) be the first derivative of -23*b**2 + b + 40. Let k be g(-3). Suppose 3*s + k = 751. What is the hundreds digit of s?
2
Let v(w) = -4*w + 3. Let p be v(3). Let y be (-6 - p)*((-20)/(-3) + 2). What is the units digit of 2/4 - (-559)/y?
2
What is the hundreds digit of (-21969)/(-4) + (-18)/(-24)?
4
Suppose 45 + 95 = 7*f. Let i(o) = -f*o + 3*o**2 + 20*o. What is the units digit of i(2)?
2
Suppose h + 2 = 4*q - 1, q = -2*h + 12. Suppose h*x - 14*x = -2826. What is the units digit of x?
4
Let a = -398 - -401. Suppose 3*m = -t + 687, 3*m = 2*m + a*t + 239. What is the tens digit of m?
3
Suppose 8179 + 2837 = 34*b. Suppose -5*l + 2026 = -b. What is the tens digit of l?
7
Let d be (-1134)/(-135) + -3*(-2)/(-15). Suppose d = 2*a, 2*o + 9*a = 13*a + 504. What is the tens digit of o?
6
Suppose -8985 = -3*y - 3*v + 13581, 0 = -6*y + 2*v + 45172. What is the tens digit of y?
2
Let z = -27 + 29. Suppose -3*v = 2*t - 1136, 2*v + 1496 = 6*v - z*t. What is the hundreds digit of v?
3
Let y(k) = -858*k**3 + 17*k**2 + 55*k - 65. What is the units digit of y(-4)?
9
Let r(w) = 8*w + 113. Let x be r(-15). Let u(b) = b**3 + 18*b**2 + 7*b - 1. What is the tens digit of u(x)?
8
Suppose -j - 2*c = -1604 - 1183, 2*j - 5*c - 5619 = 0. What is the hundreds digit of j?
7
Let q(n) = -26*n + 85. Let d be q(-16). Suppose -2*l - d = -3*s, 3*l - 7*l = 2*s - 318. What is the hundreds digit of s?
1
Let w be (-2)/((-12)/(-2)) + 2/6. Suppose 0 = -r - w*r - 2*r. Suppose r = -2*a - 4*a + 606. What is the units digit of a?
1
Let u(b) = 13*b**3 + 28*b**2 - 3*b + 94. Let h(l) = -11*l**3 - 28*l**2 + 4*l - 93. Let n(t) = 7*h(t) + 6*u(t). What is the units digit of n(28)?
3
Suppose -125509*p + 125523*p = 202216. What is the tens digit of p?
4
Let o(u) = -11*u**2 - 3*u. Let v be o(-3). Let p be ((-1)/1)/((-9)/v). What is the hundreds digit of (-3048)/(-15) + 2/p?
2
Let h(f) = f**2 - 8*f + 1. Let t be h(0). What is the hundreds digit of 345 - ((-2)/t)/1?
3
What is the hundreds digit of ((791673/38)/19)/((-1)/(-8))?
7
Suppose -20 = 239*n - 249*n. Suppose n*c - 2*k - 646 = 0, 5*k + 331 = 29*c - 28*c. What is the hundreds digit of c?
3
Suppose -3*n - 1720 = 5*r, -4*r + n - 1645 = -286. Suppose -y = 2, 8*v - 3*v = -5*y - 2510. Let j = r - v. What is the hundreds digit of j?
1
Let w(x) = -14*x**3 - 70*x**2 - 29*x + 24. What is the tens digit of w(-16)?
1
Let o = 13771 - 9292. What is the hundreds digit of o?
4
Let j = -9660 + 35682. What is the units digit of j?
2
Let j = 15969 + 48967. What is the units digit of j?
6
Let b be -6*(4/(-3))/2. Suppose 0 = j - 4*j + 3*z - 120, 0 = -j + b*z - 34. What is the tens digit of (10/(-3))/(2/j)?
7
Let m = 343 - 227. Let h = m - -6. Suppose h = -0*q + 2*q. What is the units digit of q?
1
Let y be ((-20)/(-6))/((-13)/39). Let b(c) = c**3 + 11*c**2 + 9*c + 4. Let l be b(y). Suppose l*h + 96 = 16*h. What is the units digit of h?
8
Let f be 4 + 277 + 15/(-3). Suppose h - 189 = f. What is the units digit of h?
5
Let v = 174 - 169. Suppose -2*n = l - 2858, l + 16 = v*l. What is the tens digit of n?
2
Let o = 1038 - 607. Let f = o + -247. Suppose 0 = 7*n - f - 565. What is the units digit of n?
7
What is the ten thousands digit of ((-52410)/75)/(4/(-60)) + -1*1?
1
Let w = -26 - -36. Let v be -2*5/w*0. Suppose 3*m - 5*m - 106 = -4*n, 4*m + 4 = v. What is the units digit of n?
6
Suppose 2*b - 13 = -4*z + 3*z, 5*b + 72 = 3*z. Suppose -3*c + 1594 = -w, 0 = 18*c - z*c + 3*w + 542. What is the units digit of c?
0
Let r be -2 - -19*147 - -2. Suppose 11*f = 4*f + r. What is the tens digit of f?
9
Suppose 268693 = -70*x + 3997593. What is the ten thousands digit of x?
5
Let g(p) = p**3 + 60*p**2 - 27*p + 470. What is the units digit of g(-55)?
0
Let h = -3 + 8. Suppose 2*s + h*p - 1440 + 350 = 0, 4*s - 2168 = -4*p. What is the units digit of s?
0
Suppose -5*m + 226 = -3*m - 2*u, 0 = -m - 4*u + 103. What is the hundreds digit of (-1 + 5)/(15 - 13) + m?
1
Let h be 1146*(17/24 - 3/8). Suppose -4*r + h = -330. What is the units digit of r?
8
Let y = -6129 - -48663. What is the units digit of y?
4
What is the tens digit of 20/(-5)*-1 + 6341?
4
What is the units digit of (10 - 4)/12 - (-646590)/28?
3
Let c(d) = -8*d - 20. Let m(u) = -u**3 - 9*u**2 - 18. Let s = -70 + 61. Let y be m(s). What is the tens digit of c(y)?
2
Let a(j) = 25116*j**3 - 4*j**2 + 17*j - 14. What is the ten thousands digit of a(1)?
2
Suppose -15*s + 161652 + 6754 = -17729. What is the tens digit of s?
0
Suppose -17 = -6*d - 5. Let a be 4*(5/(-40))/(d/(-124)). Let r = a - -5. What is the tens digit of r?
3
Let r(c) = -51*c**3 - 52*c**2 - 411*c + 46. What is the thousands digit of r(-8)?
6
Let u be ((-3)/(-3)*-2)/(9/(-18)). Suppose -2*a = -3*k + 4*k - 183, -u*k = 3*a - 272. What is the tens digit of a?
9
Suppose 217916 + 61025 = 3*y + 50443. What is the tens digit of y?
6
Let l(t) = t**3 - 11*t**2 - 15*t + 27. Let u be (-48)/10*(-80)/32. Let y be l(u). Let f(a) = -9*a + 20. What is the hundreds digit of f(y)?
1
Suppose 6*w - 4 = 7*w. Let p(m) = -m**2 + 8*m - 1. Let g be p(w). Let q = g - -60. What is the units digit of q?
1
Suppose 0 = -b + 32*b - 372. Suppose 0 = b*f - 6*f - 2454. What is the units digit of f?
9
Let z(g) = g**3 - 2*g**2 - 2*g. Let v be z(3). Suppose 2*u + k + 3*k = -30, 0 = -4*u - v*k 